{"id":162,"date":"2018-05-04T11:36:26","date_gmt":"2018-05-04T11:36:26","guid":{"rendered":"https:\/\/leos-fitness-studio.de\/fitness\/?page_id=162"},"modified":"2018-05-04T11:59:28","modified_gmt":"2018-05-04T11:59:28","slug":"datenschutz","status":"publish","type":"page","link":"https:\/\/leos-fitness-studio.de\/fitness\/datenschutz\/","title":{"rendered":"Datenschutz"},"content":{"rendered":"<h1>Datenschutz<\/h1>\n<div class=\"small\">\n<p>Als Webseitenbetreiber nehmen wir den Schutz aller pers\u00f6nlichen Daten sehr ernst. Alle personenbezogenen Informationen werden vertraulich und gem\u00e4\u00df den gesetzlichen Vorschriften behandelt, wie in dieser Datenschutzerkl\u00e4rung erl\u00e4utert.Unserer Webseite kann selbstverst\u00e4ndlich genutzt werden, ohne dass Sie pers\u00f6nliche Daten angeben. Wenn jedoch zu irgendeinem Zeitpunkt pers\u00f6nliche Daten wie z.B. Name, Adresse oder E-Mail abgefragt werden, wird dies auf freiwilliger Basis geschehen. Niemals werden von uns erhobene Daten ohne Ihre spezielle Genehmigung an Dritte weitergegeben. Datenu\u0308bertragung im Internet, wie zum Beispiel u\u0308ber E-Mail, kann immer Sicherheitslu\u0308cken aufweisen. Der komplette Schutz der Daten ist im Internet nicht m\u00f6glich.<\/p>\n<h3>Auskunft, L\u00f6schung, Sperrung<\/h3>\n<p>Zu jedem Zeitpunkt k\u00f6nnen Sie sich u\u0308ber die personenbezogenen Daten, deren Herkunft und Empf\u00e4nger und den Nutzen der Datenverarbeitung informieren und unentgeltlich eine Korrektur, Sperrung oder L\u00f6schung dieser Daten verlangen. Bitte nutzen Sie dafu\u0308r die im Impressum angegebenen Kontaktwege. Fu\u0308r weitere Fragen zum Thema stehen wir Ihnen ebenfalls jederzeit zur Verfu\u0308gung.<\/p>\n<h3>Server-Log-Files<\/h3>\n<p>Der Seiten-Provider erhebt und speichert automatisch Daten in Server-Log Files, die von Ihrem Browser an uns u\u0308bermittelt werden. Diese Daten enthalten:Browsertyp\/ Browserversion,Betriebssystem des Rechners,Referrer URL, Hostname des zugreifenden Rechners und Uhrzeit der Serveranfrage.<\/p>\n<p>Diese Daten sind nicht personenbezogen. Es erfolgt keine Zusammenfu\u0308hrung dieser Daten mit anderen Datenquellen. Wenn uns konkrete Anhaltspunkte fu\u0308r eine rechtswidrige Nutzung bekannt werden behalten wir uns das Recht vor, diese Daten nachtr\u00e4glich zu u\u0308berpru\u0308fen.<\/p>\n<h3>Cookies<\/h3>\n<p>Diese Internetseiten verwenden Cookies. Cookies sind unsch\u00e4dlich fu\u0308r Ihren Rechner und virenfrei.Sie dienen dazu, Internet-Angebote fu\u0308r die Besucher einer Webseite freundlicher, effektiver und sicherer zu machen. Cookies sind kleine Textdateien, die auf Ihrem Computer abgelegt werden und die Ihr Browser verwendet. Wir verwenden in der Regel so genannte \u201eSession-Cookies\u201c. Diese werden nach Verlassen unserer Seite automatisch gel\u00f6scht. Andere Cookies bleiben auf Ihrem Computer gespeichert, bis Sie diese l\u00f6schen. Diese Cookies helfen dabei, Ihren Rechner beim n\u00e4chsten Besuch wiederzuerkennen.<br \/>\n\u00dcber die Browsereinstellungen k\u00f6nnen sie festlegen, dass Sie u\u0308ber neue Cookies informiert werden und Cookies jeweils annehmen mu\u0308ssen. Ebenso k\u00f6nnen Sie die Annahme von Cookies fu\u0308r bestimmte F\u00e4lle oder generell ausschlie\u00dfen oder das automatische L\u00f6schen der Cookies beim Schlie\u00dfen des Browser aktivieren. Werden Cookies desaktiviert, kann die Funktionalit\u00e4t unserer Website eingeschr\u00e4nkt sein.<\/p>\n<h3>SSL- bzw. TLS-Verschl\u00fcsselung<\/h3>\n<p>Diese Seite nutzt aus Sicherheitsgr\u00fcnden und zum Schutz der \u00dcbertragung vertraulicher Inhalte, wie zum Beispiel Bestellungen oder Anfragen, die Sie an uns als Seitenbetreiber senden, eine SSL-bzw. TLS-Verschl\u00fcsselung. Eine verschl\u00fcsselte Verbindung erkennen Sie daran, dass die Adresszeile des Browsers von \u201chttp:\/\/\u201d auf \u201chttps:\/\/\u201d wechselt und an dem Schloss-Symbol in Ihrer Browserzeile.Wenn die SSL- bzw. TLS-Verschl\u00fcsselung aktiviert ist, k\u00f6nnen die Daten, die Sie an uns \u00fcbermitteln, nicht von Dritten mitgelesen werden.<\/p>\n<h3>\u00c4nderung der Datenschutzbestimmungen<\/h3>\n<p>Unsere Datenschutzerkl\u00e4rung k\u00f6nnen in unregelm\u00e4\u00dfigen Abst\u00e4nden angepasst werden, damit sie den aktuellen rechtlichen Anforderungen entsprechen oder um \u00c4nderungen unserer Dienstleistungen umzusetzen, z. B. bei der Einfu\u0308gung neuer Angebote. Fu\u0308r Ihren n\u00e4chsten Besuch gilt dann automatisch die neue Datenschutzerkl\u00e4rung. Fu\u0308r Fragen zum Datenschutz schicken Sie uns bitte eine Nachricht an <a href=\"mailto:info@leos-fitness-studio.de\">info@leos-fitness-studio.de<\/a> mit dem Betreff \u201eDatenschutz\u201c.<\/p>\n<p>Diese Widerrufsbelehrung Seite wurde bei datenschutzerkl\u00e4rungmuster.de erstellt.<\/p>\n<\/div>\n","protected":false},"excerpt":{"rendered":"<p>Datenschutz Als Webseitenbetreiber nehmen wir den Schutz aller pers\u00f6nlichen Daten sehr ernst. Alle personenbezogenen Informationen werden vertraulich und gem\u00e4\u00df den gesetzlichen Vorschriften behandelt, wie in dieser Datenschutzerkl\u00e4rung erl\u00e4utert.Unserer Webseite kann selbstverst\u00e4ndlich genutzt werden, ohne dass Sie pers\u00f6nliche Daten angeben. Wenn jedoch zu irgendeinem Zeitpunkt pers\u00f6nliche Daten wie z.B. Name, Adresse oder E-Mail abgefragt werden, wird [&hellip;]<\/p>\n","protected":false},"author":1,"featured_media":0,"parent":0,"menu_order":9,"comment_status":"open","ping_status":"open","template":"","meta":[],"_links":{"self":[{"href":"https:\/\/leos-fitness-studio.de\/fitness\/wp-json\/wp\/v2\/pages\/162"}],"collection":[{"href":"https:\/\/leos-fitness-studio.de\/fitness\/wp-json\/wp\/v2\/pages"}],"about":[{"href":"https:\/\/leos-fitness-studio.de\/fitness\/wp-json\/wp\/v2\/types\/page"}],"author":[{"embeddable":true,"href":"https:\/\/leos-fitness-studio.de\/fitness\/wp-json\/wp\/v2\/users\/1"}],"replies":[{"embeddable":true,"href":"https:\/\/leos-fitness-studio.de\/fitness\/wp-json\/wp\/v2\/comments?post=162"}],"version-history":[{"count":10,"href":"https:\/\/leos-fitness-studio.de\/fitness\/wp-json\/wp\/v2\/pages\/162\/revisions"}],"predecessor-version":[{"id":181,"href":"https:\/\/leos-fitness-studio.de\/fitness\/wp-json\/wp\/v2\/pages\/162\/revisions\/181"}],"wp:attachment":[{"href":"https:\/\/leos-fitness-studio.de\/fitness\/wp-json\/wp\/v2\/media?parent=162"}],"curies":[{"name":"wp","href":"https:\/\/api.w.org\/{rel}","templated":true}]}}